{"id":6137,"date":"2023-06-01T18:01:24","date_gmt":"2023-06-01T17:01:24","guid":{"rendered":"https:\/\/amazighstyles.com\/?post_type=product&#038;p=6137"},"modified":"2023-06-03T12:05:50","modified_gmt":"2023-06-03T11:05:50","slug":"boite-carton-renforce","status":"publish","type":"product","link":"https:\/\/amazighstyles.com\/?product=boite-carton-renforce","title":{"rendered":"Boite Carton Renforc\u00e9"},"content":{"rendered":"<ul>\n<li>R\u00e9sistance \u00e0 la compression pour supporter des charges importantes sans d\u00e9formation.<\/li>\n<li>Protection antichoc avec 4 \u00e9paisseurs de carton sur les c\u00f4t\u00e9s et 2 sur la face avant.<\/li>\n<li>Durabilit\u00e9 pour une utilisation r\u00e9p\u00e9t\u00e9e et dans diff\u00e9rentes conditions environnementales.<\/li>\n<li>Surface int\u00e9rieure lisse pour \u00e9viter les frottements et les \u00e9raflures sur les objets fragiles.<\/li>\n<li>Facilit\u00e9 d&#8217;assemblage sans besoin d&#8217;outils sp\u00e9ciaux.<\/li>\n<li>S\u00e9curis\u00e9e, gr\u00e2ce \u00e0 la fermeture renforc\u00e9e avec languettes rentrant sur les c\u00f4t\u00e9s.<\/li>\n<\/ul>\n","protected":false},"excerpt":{"rendered":"<p>La bo\u00eete en carton renforc\u00e9 offre plusieurs fonctionnalit\u00e9s qui en font un choix id\u00e9al pour l&#8217;emballage et la protection de vos objets fragiles.<\/p>\n","protected":false},"featured_media":6138,"template":"","meta":{"_uag_custom_page_level_css":"","_mi_skip_tracking":false,"_monsterinsights_sitenote_active":false,"_monsterinsights_sitenote_note":"","_monsterinsights_sitenote_category":0,"site-sidebar-layout":"default","site-content-layout":"default","ast-global-header-display":"","ast-banner-title-visibility":"","ast-main-header-display":"","ast-hfb-above-header-display":"","ast-hfb-below-header-display":"","ast-hfb-mobile-header-display":"","site-post-title":"","ast-breadcrumbs-content":"","ast-featured-img":"","footer-sml-layout":"","theme-transparent-header-meta":"default","adv-header-id-meta":"","stick-header-meta":"","header-above-stick-meta":"","header-main-stick-meta":"","header-below-stick-meta":""},"product_cat":[186,193],"product_tag":[],"class_list":{"0":"post-6137","1":"product","2":"type-product","3":"status-publish","4":"has-post-thumbnail","6":"product_cat-juice","7":"product_cat-cartons","8":"pa_pack-220","9":"pa_pack-223","10":"pa_pack-221","11":"pa_pack-219","12":"pa_pack-222","13":"desktop-align-center","14":"tablet-align-center","15":"mobile-align-center","17":"first","18":"instock","19":"shipping-taxable","20":"purchasable","21":"product-type-variable","22":"has-default-attributes"},"uagb_featured_image_src":{"full":["https:\/\/amazighstyles.com\/wp-content\/uploads\/2023\/06\/boite-carton-renforce-p-image-29114-grande.png",895,774,false],"thumbnail":["https:\/\/amazighstyles.com\/wp-content\/uploads\/2023\/06\/boite-carton-renforce-p-image-29114-grande-150x150.png",150,150,true],"medium":["https:\/\/amazighstyles.com\/wp-content\/uploads\/2023\/06\/boite-carton-renforce-p-image-29114-grande-300x259.png",300,259,true],"medium_large":["https:\/\/amazighstyles.com\/wp-content\/uploads\/2023\/06\/boite-carton-renforce-p-image-29114-grande-768x664.png",768,664,true],"large":["https:\/\/amazighstyles.com\/wp-content\/uploads\/2023\/06\/boite-carton-renforce-p-image-29114-grande.png",895,774,false],"1536x1536":["https:\/\/amazighstyles.com\/wp-content\/uploads\/2023\/06\/boite-carton-renforce-p-image-29114-grande.png",895,774,false],"2048x2048":["https:\/\/amazighstyles.com\/wp-content\/uploads\/2023\/06\/boite-carton-renforce-p-image-29114-grande.png",895,774,false],"hp_square_small":["https:\/\/amazighstyles.com\/wp-content\/uploads\/2023\/06\/boite-carton-renforce-p-image-29114-grande.png",400,346,false],"hp_landscape_small":["https:\/\/amazighstyles.com\/wp-content\/uploads\/2023\/06\/boite-carton-renforce-p-image-29114-grande.png",347,300,false],"hp_landscape_large":["https:\/\/amazighstyles.com\/wp-content\/uploads\/2023\/06\/boite-carton-renforce-p-image-29114-grande.png",694,600,false],"mailpoet_newsletter_max":["https:\/\/amazighstyles.com\/wp-content\/uploads\/2023\/06\/boite-carton-renforce-p-image-29114-grande.png",895,774,false],"woocommerce_thumbnail":["https:\/\/amazighstyles.com\/wp-content\/uploads\/2023\/06\/boite-carton-renforce-p-image-29114-grande-300x225.png",300,225,true],"woocommerce_single":["https:\/\/amazighstyles.com\/wp-content\/uploads\/2023\/06\/boite-carton-renforce-p-image-29114-grande-400x346.png",400,346,true],"woocommerce_gallery_thumbnail":["https:\/\/amazighstyles.com\/wp-content\/uploads\/2023\/06\/boite-carton-renforce-p-image-29114-grande-100x100.png",100,100,true]},"uagb_author_info":{"display_name":"Elhassan","author_link":"https:\/\/amazighstyles.com\/?author=0"},"uagb_comment_info":1,"uagb_excerpt":"La bo\u00eete en carton renforc\u00e9 offre plusieurs fonctionnalit\u00e9s qui en font un choix id\u00e9al pour l'emballage et la protection de vos objets fragiles.","_links":{"self":[{"href":"https:\/\/amazighstyles.com\/index.php?rest_route=\/wp\/v2\/product\/6137","targetHints":{"allow":["GET"]}}],"collection":[{"href":"https:\/\/amazighstyles.com\/index.php?rest_route=\/wp\/v2\/product"}],"about":[{"href":"https:\/\/amazighstyles.com\/index.php?rest_route=\/wp\/v2\/types\/product"}],"wp:featuredmedia":[{"embeddable":true,"href":"https:\/\/amazighstyles.com\/index.php?rest_route=\/wp\/v2\/media\/6138"}],"wp:attachment":[{"href":"https:\/\/amazighstyles.com\/index.php?rest_route=%2Fwp%2Fv2%2Fmedia&parent=6137"}],"wp:term":[{"taxonomy":"product_cat","embeddable":true,"href":"https:\/\/amazighstyles.com\/index.php?rest_route=%2Fwp%2Fv2%2Fproduct_cat&post=6137"},{"taxonomy":"product_tag","embeddable":true,"href":"https:\/\/amazighstyles.com\/index.php?rest_route=%2Fwp%2Fv2%2Fproduct_tag&post=6137"}],"curies":[{"name":"wp","href":"https:\/\/api.w.org\/{rel}","templated":true}]}}